{"id":160,"date":"2012-04-29T09:48:36","date_gmt":"2012-04-29T09:48:36","guid":{"rendered":"http:\/\/www.uve.no\/wp\/?page_id=160"},"modified":"2017-01-18T17:49:45","modified_gmt":"2017-01-18T17:49:45","slug":"utstyr-losninger","status":"publish","type":"page","link":"https:\/\/www.uve.no\/?page_id=160","title":{"rendered":"Utstyr &#038; L\u00f8sninger"},"content":{"rendered":"<div class=\"row fixed\">\n<div class=\"col205 \">\n<p>Arbeid under vann er krevende, b\u00e5de for utstyr og opperat\u00f8rer. Vi har over lengre tid erfrart hva slags utstyr og l\u00f8sninger som fungerer effektivt til de forskjellige oppdragene vi l\u00f8ser. Les mer i kattegoriene under for mer info om noe av utstyret vi bruker.<\/p>\n<\/div>\n<div class=\"col430  last\">\n<p><img loading=\"lazy\" decoding=\"async\" class=\"alignnone size-full wp-image-185\" title=\"utstyr_main\" src=\"http:\/\/www.uve.no\/wp\/wp-content\/uploads\/utstyr_main.jpg\" alt=\"\" width=\"430\" height=\"150\" srcset=\"https:\/\/www.uve.no\/wp\/wp-content\/uploads\/utstyr_main.jpg 430w, https:\/\/www.uve.no\/wp\/wp-content\/uploads\/utstyr_main-300x104.jpg 300w, https:\/\/www.uve.no\/wp\/wp-content\/uploads\/utstyr_main-145x50.jpg 145w, https:\/\/www.uve.no\/wp\/wp-content\/uploads\/utstyr_main-205x71.jpg 205w, https:\/\/www.uve.no\/wp\/wp-content\/uploads\/utstyr_main-280x97.jpg 280w\" sizes=\"auto, (max-width: 430px) 100vw, 430px\" \/><\/p>\n<\/div>\n<\/div>\n<div class=\"hr \"><\/div>\n<div class=\"row fixed\">\n<div class=\"col205 \">\n<h4><a title=\"Sonar (lydbilde)\" href=\"http:\/\/www.uve.no\/wp\/?page_id=168\">Sonar (lydbilde)<\/a><\/h4>\n<p><img loading=\"lazy\" decoding=\"async\" class=\"alignnone size-full wp-image-290\" title=\"utstyr_sonar\" src=\"http:\/\/www.uve.no\/wp\/wp-content\/uploads\/utstyr_sonar.jpg\" alt=\"\" width=\"205\" height=\"125\" srcset=\"https:\/\/www.uve.no\/wp\/wp-content\/uploads\/utstyr_sonar.jpg 205w, https:\/\/www.uve.no\/wp\/wp-content\/uploads\/utstyr_sonar-145x88.jpg 145w\" sizes=\"auto, (max-width: 205px) 100vw, 205px\" \/><\/p>\n<p class=\"last\"><a title=\"Sonar (lydbilde)\" href=\"http:\/\/www.uve.no\/wp\/?page_id=168\">Les mer<\/a><\/p>\n<\/div>\n<div class=\"col205 \">\n<h4><a title=\"ROV\" href=\"http:\/\/www.uve.no\/wp\/?page_id=196\">ROV<\/a><\/h4>\n<p><img loading=\"lazy\" decoding=\"async\" class=\"alignnone size-full wp-image-292\" title=\"utstyr_ROV\" src=\"http:\/\/www.uve.no\/wp\/wp-content\/uploads\/utstyr_ROV.jpg\" alt=\"\" width=\"205\" height=\"125\" srcset=\"https:\/\/www.uve.no\/wp\/wp-content\/uploads\/utstyr_ROV.jpg 205w, https:\/\/www.uve.no\/wp\/wp-content\/uploads\/utstyr_ROV-145x88.jpg 145w\" sizes=\"auto, (max-width: 205px) 100vw, 205px\" \/><\/p>\n<p class=\"last\"><a title=\"ROV\" href=\"http:\/\/www.uve.no\/wp\/?page_id=196\">Les mer<\/a><\/p>\n<\/div>\n<div class=\"col205  last\">\n<h4><a title=\"Posisjonering\" href=\"http:\/\/www.uve.no\/?page_id=299\">Posisjonering<\/a><\/h4>\n<p><img loading=\"lazy\" decoding=\"async\" class=\"alignnone size-full wp-image-88\" title=\"205x125\" src=\"http:\/\/www.uve.no\/wp\/wp-content\/uploads\/205x125.jpg\" alt=\"\" width=\"205\" height=\"125\" srcset=\"https:\/\/www.uve.no\/wp\/wp-content\/uploads\/205x125.jpg 205w, https:\/\/www.uve.no\/wp\/wp-content\/uploads\/205x125-145x88.jpg 145w\" sizes=\"auto, (max-width: 205px) 100vw, 205px\" \/><\/p>\n<p class=\"last\"><a title=\"Posisjonering\" href=\"http:\/\/www.uve.no\/?page_id=299\">Les mer<\/a><\/p>\n<\/div>\n<\/div>\n<div class=\"hr \"><\/div>\n<div class=\"row fixed\">\n<div class=\"col205 \">\n<h4><a title=\"Kamera og Inspeksjon\" href=\"http:\/\/www.uve.no\/?page_id=302\">Kamera og Inspeksjon<\/a><\/h4>\n<p><img loading=\"lazy\" decoding=\"async\" class=\"alignnone size-full wp-image-88\" title=\"205x125\" src=\"http:\/\/www.uve.no\/wp\/wp-content\/uploads\/205x125.jpg\" alt=\"\" width=\"205\" height=\"125\" srcset=\"https:\/\/www.uve.no\/wp\/wp-content\/uploads\/205x125.jpg 205w, https:\/\/www.uve.no\/wp\/wp-content\/uploads\/205x125-145x88.jpg 145w\" sizes=\"auto, (max-width: 205px) 100vw, 205px\" \/><\/p>\n<p class=\"last\"><a title=\"Kamera og Inspeksjon\" href=\"http:\/\/www.uve.no\/?page_id=302\">Les mer<\/a><\/p>\n<\/div>\n<div class=\"col205 \">\n<h4><a title=\"Dokumentering\" href=\"http:\/\/www.uve.no\/?page_id=305\">Dokumentering<\/a><\/h4>\n<p><img loading=\"lazy\" decoding=\"async\" class=\"alignnone size-full wp-image-88\" title=\"205x125\" src=\"http:\/\/www.uve.no\/wp\/wp-content\/uploads\/205x125.jpg\" alt=\"\" width=\"205\" height=\"125\" srcset=\"https:\/\/www.uve.no\/wp\/wp-content\/uploads\/205x125.jpg 205w, https:\/\/www.uve.no\/wp\/wp-content\/uploads\/205x125-145x88.jpg 145w\" sizes=\"auto, (max-width: 205px) 100vw, 205px\" \/><\/p>\n<p class=\"last\"><a title=\"Dokumentering\" href=\"http:\/\/www.uve.no\/?page_id=305\">Les mer<\/a><\/p>\n<\/div>\n<\/div>\n","protected":false},"excerpt":{"rendered":"","protected":false},"author":1,"featured_media":185,"parent":51,"menu_order":3,"comment_status":"open","ping_status":"open","template":"page-service-single.php","meta":{"footnotes":""},"class_list":["post-160","page","type-page","status-publish","has-post-thumbnail","hentry"],"_links":{"self":[{"href":"https:\/\/www.uve.no\/index.php?rest_route=\/wp\/v2\/pages\/160","targetHints":{"allow":["GET"]}}],"collection":[{"href":"https:\/\/www.uve.no\/index.php?rest_route=\/wp\/v2\/pages"}],"about":[{"href":"https:\/\/www.uve.no\/index.php?rest_route=\/wp\/v2\/types\/page"}],"author":[{"embeddable":true,"href":"https:\/\/www.uve.no\/index.php?rest_route=\/wp\/v2\/users\/1"}],"replies":[{"embeddable":true,"href":"https:\/\/www.uve.no\/index.php?rest_route=%2Fwp%2Fv2%2Fcomments&post=160"}],"version-history":[{"count":35,"href":"https:\/\/www.uve.no\/index.php?rest_route=\/wp\/v2\/pages\/160\/revisions"}],"predecessor-version":[{"id":173,"href":"https:\/\/www.uve.no\/index.php?rest_route=\/wp\/v2\/pages\/160\/revisions\/173"}],"up":[{"embeddable":true,"href":"https:\/\/www.uve.no\/index.php?rest_route=\/wp\/v2\/pages\/51"}],"wp:featuredmedia":[{"embeddable":true,"href":"https:\/\/www.uve.no\/index.php?rest_route=\/wp\/v2\/media\/185"}],"wp:attachment":[{"href":"https:\/\/www.uve.no\/index.php?rest_route=%2Fwp%2Fv2%2Fmedia&parent=160"}],"curies":[{"name":"wp","href":"https:\/\/api.w.org\/{rel}","templated":true}]}}